s) + 5*r(s). Let m be h(8). Calculate the highest common divisor of 117 and m.
13
Let d be 2*(12/(-28))/((-10)/35). Calculate the highest common divisor of 16 and d.
1
Let u = 11 - 10. Suppose 0 = 5*w + 52 - 197. Let h be 0 - (0 + u - w). Calculate the greatest common divisor of h and 7.
7
Let k = 975 + -957. Calculate the highest common factor of 558 and k.
18
Let o(y) = -15*y - 5. Let f be o(-5). Suppose 4*n + 66 = 5*d, 5*d - 36 = d - n. What is the highest common divisor of d and f?
10
Let d = -846 - -1071. Calculate the highest common divisor of d and 525.
75
Let o be (1 + -14)*(-1)/(-3)*-3. Let s = -1 - -6. Let m = o - s. Calculate the greatest common divisor of 4 and m.
4
Let u be (-2 - -31)*12/3. What is the highest common factor of u and 4?
4
Suppose 662 = 13*w + 194. Let d be (-4)/(-6) - 10/(-3). What is the greatest common factor of d and w?
4
Let k be 105182/154 - (2/(-2) - -4). What is the greatest common divisor of k and 119?
17
Let k = 12 + -12. Let j(z) = z + 18. Let w be j(k). Let i = -20 + 47. Calculate the highest common factor of w and i.
9
Let u be ((-17)/(-34))/(2/(-12))*-65. What is the highest common factor of 52 and u?
13
Suppose 0 = 3*j - 2*s - 9 - 0, j + 3*s - 3 = 0. Calculate the highest common factor of 87 and j.
3
Let h be ((-9)/(-6))/(0 + 1/6). Let d be ((-18)/10)/(h/(-225)). Calculate the highest common factor of 9 and d.
9
Let r = -237 + 282. Calculate the greatest common factor of 60 and r.
15
Let q(p) = -2 - 2 + 4 + 1 - 2*p + p**2. Let o be q(4). Let j be 16/(3 + (-21)/o). Calculate the highest common factor of 60 and j.
12
Let y = -197 + 230. Calculate the highest common factor of 1122 and y.
33
Let u = 96 - 46. Let z = -39 + u. What is the greatest common factor of z and 11?
11
Let l(n) = 5*n**2 - 16*n + 27. Let z be l(5). Calculate the highest common divisor of 81 and z.
9
Let z be (-8)/14*(2401/14)/(-7). Calculate the highest common factor of 98 and z.
14
Let p = 480 - 385. Calculate the greatest common divisor of 114 and p.
19
Let k be (18/8)/((12/(-32))/(-1)). Calculate the highest common factor of 26 and k.
2
Let u be 33/(-6)*3*-2. Suppose 0 = 1036*r - 1046*r + 110. What is the highest common divisor of u and r?
11
Suppose -21*x - 7 = -14*x. Let g be (1/(-2))/(x + (-164)/(-168)). What is the highest common factor of 3 and g?
3
Let q(m) = -48*m + 29. Let p be q(-6). Suppose 2*x + 4*g + 772 = -2*x, 4*x - 2*g = -796. Let u = p + x. What is the highest common factor of u and 15?
15
Suppose -18*x - 483 = -87*x. What is the highest common factor of x and 77?
7
Let d(v) = 11*v - 10. Let s be d(-5). Let w = s + 74. What is the highest common divisor of 27 and w?
9
Let m(t) = -t**3 - 4*t**2 - 2*t - 1. Let g be m(-3). Let q(r) = r**2 - 4*r - 6. Let o be q(g). Calculate the greatest common divisor of 130 and o.
26
Suppose -399 = 33*t - 36*t. Calculate the highest common divisor of 38 and t.
19
Let f = 26 - 17. Let q = 1 + f. What is the greatest common divisor of 4 and q?
2
Suppose -6*c + 36 = -30. Let i(j) = j**2 + 3*j - 2. Let b be i(-6). Let y = c + b. What is the greatest common factor of 243 and y?
27
Let n(h) = -30*h. Let r be n(-1). What is the greatest common divisor of r and 870?
30
Let n be ((-1120)/(-6))/2 - (-54)/(-162). Suppose 0 = -2*u + 371 + n. What is the highest common divisor of 29 and u?
29
Let d = 1340 + -956. What is the highest common factor of 12 and d?
12
Suppose y = -3*a - 10, -3*y + 4 = 2*a - 1. What is the greatest common divisor of y and 485?
5
Suppose 0 = -0*w + 2*w. Suppose w = 8*k - 2*k. Suppose p + 0*p - 7 = k. Calculate the highest common divisor of p and 7.
7
Let c = 729 - 201. What is the highest common factor of c and 33?
33
Let q(w) = w**2 + 2*w + 13. Let v be q(-7). Let a = 120 + -72. Calculate the greatest common divisor of v and a.
48
Suppose -3 = 4*x + 1. Let v be x/(-2*2/8). Suppose v*a = -3*a + 160. What is the greatest common factor of a and 8?
8
Let j = -11 - -16. Suppose -3*u + 44 = -j*a, -3*u = -5*a + 3*a - 32. Suppose 0 = 5*n - 9*n + 256. What is the greatest common divisor of n and u?
8
Let o be ((-4)/(-14))/((-7)/(-98)). Suppose -3*c - 4*h = -4*c - 3, o*h = 12. What is the greatest common factor of c and 36?
9
Let q(l) = 2*l**2 - 4*l - 167. Let b be q(-11). Calculate the highest common divisor of b and 21.
7
Let u(k) = 121*k + 35. Let v be u(1). Calculate the greatest common factor of v and 204.
12
Suppose 5*j + 4*i - 420 = 2*i, -3*j - 5*i + 271 = 0. What is the greatest common divisor of j and 164?
82
Suppose 3*i = -2 - 7. Let t be 6/9 - (-46)/3 - i. What is the greatest common divisor of t and 38?
19
Let c = 1 - -61. Let v(s) = 2*s**3 + s**2 - 3*s + 1. Let k be v(-3). Let b = c + k. Calculate the greatest common factor of 3 and b.
3
Suppose 4*b = -3*a + 55, 2*a - 19 = a - b. Let p(y) = y**2 - 2. Let g(o) = o - 10. Let d be g(7). Let n be p(d). What is the highest common factor of n and a?
7
Let m = -114 + 244. Calculate the greatest common divisor of m and 494.
26
Let c(o) = 11 + 10*o**2 - 24 + 5 + 6*o. Let l be c(2). What is the greatest common factor of l and 44?
44
Let p(x) = 47*x**2 - 3*x + 4. Let n be p(3). Calculate the highest common factor of 110 and n.
22
Suppose 0 = 5*x - 2*x - 5*j - 69, 4*j - 78 = -5*x. Calculate the highest common divisor of x and 738.
18
Suppose -7*u = -5*u - 20. Let i = u - 4. What is the greatest common factor of 54 and i?
6
Suppose 10*q = 8*q + 14. Let p(v) = 4*v - 8. Let s be p(q). Calculate the highest common factor of 40 and s.
20
Let s = 9 - 5. Let i = -11 + 15. Suppose s*v + c = 3*c + 34, -i*v = c - 43. What is the greatest common divisor of v and 30?
10
Let k = -10 + 20. Suppose -k = 5*h - 7*h. Suppose c = j - 15, -4*c + 15 + h = j. What is the greatest common factor of 16 and j?
16
Suppose -7*f + 50 = 3*f. Calculate the greatest common divisor of 3 and f.
1
Let j = 834 + -652. Let c be 13 - (-2 + 1 + 0). Calculate the highest common divisor of j and c.
14
Let r be 2/(-7) - (-14)/49. Let z = 12 + r. Suppose 2*f + 9 = -f, 4*f - 60 = -2*s. Calculate the greatest common factor of z and s.
12
Suppose 0 = 18*t - 14*t - 480. Calculate the highest common divisor of 48 and t.
24
Let y(l) = l**2 - 23*l + 4. Let u be y(23). Let m be (-2 + (u - 4))*-2. What is the highest common factor of m and 8?
4
Suppose -21 = -2*f - 11. Suppose f*k = -k + 144. Calculate the highest common factor of k and 3.
3
Suppose -5*f - 5 = 0, 195 = 5*n - f - 106. Let b be (5/5)/((-2)/(-66)). Let t = b - 21. What is the greatest common factor of t and n?
12
Let v(m) = m**2 + 6*m + 8. Let l be v(-13). Suppose 8*b = b + 63. Calculate the greatest common divisor of b and l.
9
Let a(l) = 3*l**2 - l - 11*l**2 + 9*l**2. Let s be a(8). Let h = 13 - 5. Calculate the greatest common factor of h and s.
8
Suppose -4*o + 135 = h, 5*h = o + 4*o + 800. Let y = -2 - -4. Let z be 3 + -59*y/(-2). Calculate the highest common factor of h and z.
31
Let p(b) = 2*b**2 - 2. Suppose 5*f - 5*d - 5 = 0, -d + 17 = 7*f - 2*f. Let y be p(f). Let r = -6 + 8. Calculate the greatest common factor of r and y.
2
Let b(d) = 10*d**2 - d. Let j be b(1). Suppose j*h - 15 = 8*h. What is the greatest common divisor of h and 30?
15
Suppose 10 = n - 3. Let w = n - -12. Calculate the highest common factor of 175 and w.
25
Let v = 10 + -5. Suppose -v*b + 29 = -11. Let f be 84/(28/b + -2). What is the highest common factor of 8 and f?
8
Suppose -5*z + x + 5262 = 0, 13*x - 15*x = 4*z - 4218. Calculate the greatest common divisor of z and 243.
81
Suppose -21 = 5*p - 96. What is the greatest common divisor of p and 105?
15
Let m = 3 + -6. Let l(h) = h**3 + 2*h**2 + 3*h - 4. Let z be l(m). Let x be (-4 + 2)*z/4. What is the highest common factor of 88 and x?
11
Suppose 2*m + 13 = 69. Let s be (-1)/(2/(-4)) - (28 - -1). Let u = s + m. Calculate the highest common factor of 9 and u.
1
Let c be (992/12)/(-4)*3. Suppose -2*g + 192 = v + v, -2*g = -2*v + 172. Let i = v + c. Calculate the highest common factor of i and 261.
29
Suppose -6*p - 201 = 171. Let o be p*(-7 - -6) + 3/(-1). What is the greatest common divisor of 59 and o?
59
Let y be -3 + 3*(0 - 1). Let l be (-202)/y - 4/6. Let v be (-49)/7*(-132)/14. Calculate the highest common divisor of l and v.
33
Suppose -80*u + 1175 = 375. Calculate the great